{"id":2,"date":"2026-09-01T11:52:44","date_gmt":"2026-09-01T11:52:44","guid":{"rendered":"http:\/\/cdlainmaculada.es\/?page_id=2"},"modified":"2026-09-01T15:01:32","modified_gmt":"2026-09-01T13:01:32","slug":"sample-page","status":"publish","type":"page","link":"https:\/\/cdlainmaculada.es\/","title":{"rendered":"P\u00e1gina principal"},"content":{"rendered":"\n<div class=\"wp-block-cover alignfull has-custom-content-position is-position-bottom-center\" style=\"margin-top:0;margin-bottom:0;padding-top:var(--wp--preset--spacing--50);padding-right:var(--wp--preset--spacing--50);padding-bottom:var(--wp--preset--spacing--50);padding-left:var(--wp--preset--spacing--50);min-height:840px;aspect-ratio:unset;\"><img decoding=\"async\" class=\"wp-block-cover__image-background\" alt=\"Foto de una flor\" src=\"https:\/\/cdlainmaculada.es\/wp-content\/themes\/twentytwentyfive\/assets\/images\/northern-buttercups-flowers.webp\" style=\"object-position:50% 95%\" data-object-fit=\"cover\" data-object-position=\"50% 95%\"\/><span aria-hidden=\"true\" class=\"wp-block-cover__background has-background-dim-10 has-background-dim\"><\/span><div class=\"wp-block-cover__inner-container has-global-padding is-layout-constrained wp-container-core-cover-is-layout-36f65c2d wp-block-cover-is-layout-constrained\">\n<div class=\"wp-block-group alignwide has-global-padding is-content-justification-left is-layout-constrained wp-container-core-group-is-layout-236ffaf5 wp-block-group-is-layout-constrained\">\n<h2 class=\"wp-block-heading has-text-align-left has-xx-large-font-size\">Cuenta tu historia<\/h2>\n\n\n\n<p class=\"wp-block-paragraph\">Como las flores que florecen en lugares inesperados, cada historia se despliega con belleza y resistencia, revelando maravillas ocultas.<\/p>\n\n\n\n<div class=\"wp-block-buttons is-layout-flex wp-block-buttons-is-layout-flex\">\n<div class=\"wp-block-button\"><a class=\"wp-block-button__link wp-element-button\">Saber m\u00e1s<\/a><\/div>\n<\/div>\n<\/div>\n<\/div><\/div>\n\n\n\n<div class=\"wp-block-group alignfull is-style-section-5 has-global-padding is-layout-constrained wp-block-group-is-layout-constrained is-style-section-5--1\" style=\"margin-top:0;margin-bottom:0;padding-top:var(--wp--preset--spacing--50);padding-bottom:var(--wp--preset--spacing--50)\">\n<div class=\"wp-block-columns alignwide is-layout-flex wp-container-core-columns-is-layout-ca2dd60b wp-block-columns-is-layout-flex\">\n<div class=\"wp-block-column is-vertically-aligned-center is-layout-flow wp-block-column-is-layout-flow\" style=\"flex-basis:50%\">\n<h2 class=\"wp-block-heading\">\n\t\t\t\tSobre el evento\t\t\t<\/h2>\n\n\n\n<p class=\"has-medium-font-size wp-block-paragraph\">Celebrado durante un fin de semana, el evento se estructura en torno a una serie de exposiciones, talleres y mesas redondas. Las exposiciones muestran una cuidada selecci\u00f3n de fotograf\u00edas que narran historias apasionantes de diversos rincones del planeta, cada imagen est\u00e1 acompa\u00f1ada de narraciones detalladas que proporcionan un contexto y una visi\u00f3n m\u00e1s profunda de la importancia hist\u00f3rica de las escenas representadas. Estas fotograf\u00edas proceden de los archivos de fot\u00f3grafos de renombre, as\u00ed como de talentos emergentes, lo que garantiza una mezcla de perspectivas cl\u00e1sicas y contempor\u00e1neas.<\/p>\n<\/div>\n\n\n\n<div class=\"wp-block-column is-vertically-aligned-center is-layout-flow wp-block-column-is-layout-flow\" style=\"flex-basis:50%\">\n<figure class=\"wp-block-image size-full\"><img decoding=\"async\" src=\"https:\/\/cdlainmaculada.es\/wp-content\/themes\/twentytwentyfive\/assets\/images\/ruins-image.webp\" alt=\"Cliff Palace, Colorado\" style=\"aspect-ratio:1;object-fit:cover\"\/><\/figure>\n<\/div>\n<\/div>\n<\/div>\n\n\n\n<div class=\"wp-block-group alignfull has-global-padding is-layout-constrained wp-block-group-is-layout-constrained\" style=\"margin-top:0;margin-bottom:0\">\n<div class=\"wp-block-group alignwide is-layout-grid wp-container-core-group-is-layout-788c14b8 wp-block-group-is-layout-grid\" style=\"padding-top:var(--wp--preset--spacing--50);padding-bottom:var(--wp--preset--spacing--50)\">\n<div class=\"wp-block-group is-vertical is-content-justification-stretch is-nowrap is-layout-flex wp-container-core-group-is-layout-8c84ec38 wp-block-group-is-layout-flex\">\n<div class=\"wp-block-group is-vertical is-content-justification-left is-layout-flex wp-container-core-group-is-layout-b61a1d7d wp-block-group-is-layout-flex\">\n<h2 class=\"wp-block-heading is-style-text-annotation is-style-text-annotation--2\">Qui\u00e9nes somos<\/h2>\n\n\n\n<p class=\"is-style-text-subtitle is-style-text-subtitle--3 wp-block-paragraph\">\n\t\t\t\t<strong>Fleurs<\/strong> es una empresa de env\u00edo y suscripci\u00f3n de flores. Con sede en la UE, nuestra misi\u00f3n no es s\u00f3lo entregar impresionantes arreglos florales en todo el mundo, sino tambi\u00e9n fomentar el conocimiento y el entusiasmo sobre este hermoso regalo de la naturaleza: las flores.\t\t\t\t<\/p>\n<\/div>\n\n\n\n<figure class=\"wp-block-image size-full\"><img decoding=\"async\" src=\"https:\/\/cdlainmaculada.es\/wp-content\/themes\/twentytwentyfive\/assets\/images\/grid-flower-1.webp\" alt=\"Primer plano fotogr\u00e1fico de una flor roja.\" style=\"aspect-ratio:16\/9;object-fit:cover\"\/><\/figure>\n<\/div>\n\n\n\n<figure class=\"wp-block-image size-full\"><img decoding=\"async\" src=\"https:\/\/cdlainmaculada.es\/wp-content\/themes\/twentytwentyfive\/assets\/images\/grid-flower-2.webp\" alt=\"Fotograf\u00eda en blanco y negro primer plano de una flor.\" style=\"aspect-ratio:3\/4;object-fit:cover\"\/><\/figure>\n<\/div>\n<\/div>\n\n\n\n<div class=\"wp-block-group alignfull has-global-padding is-layout-constrained wp-block-group-is-layout-constrained\" style=\"margin-top:0;margin-bottom:0\">\n<div class=\"wp-block-group alignwide is-layout-flow wp-container-core-group-is-layout-a0aa5dda wp-block-group-is-layout-flow\" style=\"padding-top:var(--wp--preset--spacing--50);padding-bottom:var(--wp--preset--spacing--50)\">\n<h2 class=\"wp-block-heading has-x-large-font-size\">Preguntas m\u00e1s frecuentes<\/h2>\n\n\n\n<div class=\"wp-block-columns is-layout-flex wp-container-core-columns-is-layout-5b9cbc20 wp-block-columns-is-layout-flex\">\n<div class=\"wp-block-column is-layout-flow wp-block-column-is-layout-flow\">\n<div class=\"wp-block-group is-layout-flow wp-block-group-is-layout-flow\" style=\"border-top-color:var(--wp--preset--color--accent-6);border-top-width:1px;padding-top:var(--wp--preset--spacing--30);padding-bottom:var(--wp--preset--spacing--30)\">\n<h3 class=\"wp-block-heading\">\u00bfDe qu\u00e9 trata El libro de las historias?<\/h3>\n\n\n\n<p class=\"wp-block-paragraph\">Esta exquisita recopilaci\u00f3n muestra un conjunto diverso de fotograf\u00edas que captan la esencia de distintas \u00e9pocas y culturas, reflejando los estilos y perspectivas \u00fanicos de cada artista.<\/p>\n<\/div>\n<\/div>\n\n\n\n<div class=\"wp-block-column is-layout-flow wp-block-column-is-layout-flow\">\n<div class=\"wp-block-group is-layout-flow wp-block-group-is-layout-flow\" style=\"border-top-color:var(--wp--preset--color--accent-6);border-top-width:1px;padding-top:var(--wp--preset--spacing--30);padding-bottom:var(--wp--preset--spacing--30)\">\n<h3 class=\"wp-block-heading\">\u00bfCu\u00e1nto cuesta El libro de las historias?<\/h3>\n\n\n\n<p class=\"wp-block-paragraph\">Esta exquisita recopilaci\u00f3n muestra un conjunto diverso de fotograf\u00edas que captan la esencia de distintas \u00e9pocas y culturas, reflejando los estilos y perspectivas \u00fanicos de cada artista.<\/p>\n<\/div>\n<\/div>\n<\/div>\n\n\n\n<div class=\"wp-block-columns is-layout-flex wp-container-core-columns-is-layout-5b9cbc20 wp-block-columns-is-layout-flex\">\n<div class=\"wp-block-column is-layout-flow wp-block-column-is-layout-flow\">\n<div class=\"wp-block-group is-layout-flow wp-block-group-is-layout-flow\" style=\"border-top-color:var(--wp--preset--color--accent-6);border-top-width:1px;padding-top:var(--wp--preset--spacing--30);padding-bottom:var(--wp--preset--spacing--30)\">\n<h3 class=\"wp-block-heading\">\u00bfCu\u00e1ndo saldr\u00e1 a la venta El libro de las historias?<\/h3>\n\n\n\n<p class=\"wp-block-paragraph\">Esta exquisita recopilaci\u00f3n muestra un conjunto diverso de fotograf\u00edas que captan la esencia de distintas \u00e9pocas y culturas, reflejando los estilos y perspectivas \u00fanicos de cada artista.<\/p>\n<\/div>\n<\/div>\n\n\n\n<div class=\"wp-block-column is-layout-flow wp-block-column-is-layout-flow\">\n<div class=\"wp-block-group is-layout-flow wp-block-group-is-layout-flow\" style=\"border-top-color:var(--wp--preset--color--accent-6);border-top-width:1px;padding-top:var(--wp--preset--spacing--30);padding-bottom:var(--wp--preset--spacing--30)\">\n<h3 class=\"wp-block-heading\">\u00bfHay ejemplares firmados disponibles?<\/h3>\n\n\n\n<p class=\"wp-block-paragraph\">Esta exquisita recopilaci\u00f3n muestra un conjunto diverso de fotograf\u00edas que captan la esencia de distintas \u00e9pocas y culturas, reflejando los estilos y perspectivas \u00fanicos de cada artista.<\/p>\n<\/div>\n<\/div>\n<\/div>\n<\/div>\n<\/div>\n","protected":false},"excerpt":{"rendered":"<p>Sobre el evento Celebrado durante un fin de semana, el evento se estructura en torno a una serie de exposiciones, talleres y mesas redondas. Las exposiciones muestran una cuidada selecci\u00f3n de fotograf\u00edas que narran historias apasionantes de diversos rincones del planeta, cada imagen est\u00e1 acompa\u00f1ada de narraciones detalladas que proporcionan un contexto y una visi\u00f3n [&hellip;]<\/p>\n","protected":false},"author":1,"featured_media":0,"parent":0,"menu_order":0,"comment_status":"closed","ping_status":"open","template":"","meta":{"footnotes":""},"class_list":["post-2","page","type-page","status-publish","hentry"],"_links":{"self":[{"href":"https:\/\/cdlainmaculada.es\/wp-json\/wp\/v2\/pages\/2","targetHints":{"allow":["GET"]}}],"collection":[{"href":"https:\/\/cdlainmaculada.es\/wp-json\/wp\/v2\/pages"}],"about":[{"href":"https:\/\/cdlainmaculada.es\/wp-json\/wp\/v2\/types\/page"}],"author":[{"embeddable":true,"href":"https:\/\/cdlainmaculada.es\/wp-json\/wp\/v2\/users\/1"}],"replies":[{"embeddable":true,"href":"https:\/\/cdlainmaculada.es\/wp-json\/wp\/v2\/comments?post=2"}],"version-history":[{"count":3,"href":"https:\/\/cdlainmaculada.es\/wp-json\/wp\/v2\/pages\/2\/revisions"}],"predecessor-version":[{"id":16,"href":"https:\/\/cdlainmaculada.es\/wp-json\/wp\/v2\/pages\/2\/revisions\/16"}],"wp:attachment":[{"href":"https:\/\/cdlainmaculada.es\/wp-json\/wp\/v2\/media?parent=2"}],"curies":[{"name":"wp","href":"https:\/\/api.w.org\/{rel}","templated":true}]}}

Página principal

<div class="wp-block-cover alignfull has-custom-content-position is-position-bottom-center" style="margin-top:0;margin-bottom:0;padding-top:var(--wp--preset--spacing--50);padding-right:var(--wp--preset--spacing--50);padding-bottom:var(--wp--preset--spacing--50);padding-left:var(--wp--preset--spacing--50);min-height:840px;aspect-ratio:unset;"><img decoding="async" class="wp-block-cover__image-background" alt="Foto de una flor" src="https://cdlainmaculada.es/wp-content/themes/twentytwentyfive/assets/images/northern-buttercups-flowers.webp" style="object-position:50% 95%" data-object-fit="cover" data-object-position="50% 95%"/><span aria-hidden="true" class="wp-block-cover__background has-background-dim-10 has-background-dim"></span><div class="wp-block-cover__inner-container has-global-padding is-layout-constrained wp-container-core-cover-is-layout-36f65c2d wp-block-cover-is-layout-constrained">
<div class="wp-block-group alignwide has-global-padding is-content-justification-left is-layout-constrained wp-container-core-group-is-layout-236ffaf5 wp-block-group-is-layout-constrained">
<h2 class="wp-block-heading has-text-align-left has-xx-large-font-size">Cuenta tu historia</h2>



<p class="wp-block-paragraph">Como las flores que florecen en lugares inesperados, cada historia se despliega con belleza y resistencia, revelando maravillas ocultas.</p>



<div class="wp-block-buttons is-layout-flex wp-block-buttons-is-layout-flex">
<div class="wp-block-button"><a class="wp-block-button__link wp-element-button">Saber más</a></div>
</div>
</div>
</div></div>



<div class="wp-block-group alignfull is-style-section-5 has-global-padding is-layout-constrained wp-block-group-is-layout-constrained is-style-section-5--1" style="margin-top:0;margin-bottom:0;padding-top:var(--wp--preset--spacing--50);padding-bottom:var(--wp--preset--spacing--50)">
<div class="wp-block-columns alignwide is-layout-flex wp-container-core-columns-is-layout-ca2dd60b wp-block-columns-is-layout-flex">
<div class="wp-block-column is-vertically-aligned-center is-layout-flow wp-block-column-is-layout-flow" style="flex-basis:50%">
<h2 class="wp-block-heading">
				Sobre el evento			</h2>



<p class="has-medium-font-size wp-block-paragraph">Celebrado durante un fin de semana, el evento se estructura en torno a una serie de exposiciones, talleres y mesas redondas. Las exposiciones muestran una cuidada selección de fotografías que narran historias apasionantes de diversos rincones del planeta, cada imagen está acompañada de narraciones detalladas que proporcionan un contexto y una visión más profunda de la importancia histórica de las escenas representadas. Estas fotografías proceden de los archivos de fotógrafos de renombre, así como de talentos emergentes, lo que garantiza una mezcla de perspectivas clásicas y contemporáneas.</p>
</div>



<div class="wp-block-column is-vertically-aligned-center is-layout-flow wp-block-column-is-layout-flow" style="flex-basis:50%">
<figure class="wp-block-image size-full"><img decoding="async" src="https://cdlainmaculada.es/wp-content/themes/twentytwentyfive/assets/images/ruins-image.webp" alt="Cliff Palace, Colorado" style="aspect-ratio:1;object-fit:cover"/></figure>
</div>
</div>
</div>



<div class="wp-block-group alignfull has-global-padding is-layout-constrained wp-block-group-is-layout-constrained" style="margin-top:0;margin-bottom:0">
<div class="wp-block-group alignwide is-layout-grid wp-container-core-group-is-layout-788c14b8 wp-block-group-is-layout-grid" style="padding-top:var(--wp--preset--spacing--50);padding-bottom:var(--wp--preset--spacing--50)">
<div class="wp-block-group is-vertical is-content-justification-stretch is-nowrap is-layout-flex wp-container-core-group-is-layout-8c84ec38 wp-block-group-is-layout-flex">
<div class="wp-block-group is-vertical is-content-justification-left is-layout-flex wp-container-core-group-is-layout-b61a1d7d wp-block-group-is-layout-flex">
<h2 class="wp-block-heading is-style-text-annotation is-style-text-annotation--2">Quiénes somos</h2>



<p class="is-style-text-subtitle is-style-text-subtitle--3 wp-block-paragraph">
				<strong>Fleurs</strong> es una empresa de envío y suscripción de flores. Con sede en la UE, nuestra misión no es sólo entregar impresionantes arreglos florales en todo el mundo, sino también fomentar el conocimiento y el entusiasmo sobre este hermoso regalo de la naturaleza: las flores.				</p>
</div>



<figure class="wp-block-image size-full"><img decoding="async" src="https://cdlainmaculada.es/wp-content/themes/twentytwentyfive/assets/images/grid-flower-1.webp" alt="Primer plano fotográfico de una flor roja." style="aspect-ratio:16/9;object-fit:cover"/></figure>
</div>



<figure class="wp-block-image size-full"><img decoding="async" src="https://cdlainmaculada.es/wp-content/themes/twentytwentyfive/assets/images/grid-flower-2.webp" alt="Fotografía en blanco y negro primer plano de una flor." style="aspect-ratio:3/4;object-fit:cover"/></figure>
</div>
</div>



<div class="wp-block-group alignfull has-global-padding is-layout-constrained wp-block-group-is-layout-constrained" style="margin-top:0;margin-bottom:0">
<div class="wp-block-group alignwide is-layout-flow wp-container-core-group-is-layout-a0aa5dda wp-block-group-is-layout-flow" style="padding-top:var(--wp--preset--spacing--50);padding-bottom:var(--wp--preset--spacing--50)">
<h2 class="wp-block-heading has-x-large-font-size">Preguntas más frecuentes</h2>



<div class="wp-block-columns is-layout-flex wp-container-core-columns-is-layout-5b9cbc20 wp-block-columns-is-layout-flex">
<div class="wp-block-column is-layout-flow wp-block-column-is-layout-flow">
<div class="wp-block-group is-layout-flow wp-block-group-is-layout-flow" style="border-top-color:var(--wp--preset--color--accent-6);border-top-width:1px;padding-top:var(--wp--preset--spacing--30);padding-bottom:var(--wp--preset--spacing--30)">
<h3 class="wp-block-heading">¿De qué trata El libro de las historias?</h3>



<p class="wp-block-paragraph">Esta exquisita recopilación muestra un conjunto diverso de fotografías que captan la esencia de distintas épocas y culturas, reflejando los estilos y perspectivas únicos de cada artista.</p>
</div>
</div>



<div class="wp-block-column is-layout-flow wp-block-column-is-layout-flow">
<div class="wp-block-group is-layout-flow wp-block-group-is-layout-flow" style="border-top-color:var(--wp--preset--color--accent-6);border-top-width:1px;padding-top:var(--wp--preset--spacing--30);padding-bottom:var(--wp--preset--spacing--30)">
<h3 class="wp-block-heading">¿Cuánto cuesta El libro de las historias?</h3>



<p class="wp-block-paragraph">Esta exquisita recopilación muestra un conjunto diverso de fotografías que captan la esencia de distintas épocas y culturas, reflejando los estilos y perspectivas únicos de cada artista.</p>
</div>
</div>
</div>



<div class="wp-block-columns is-layout-flex wp-container-core-columns-is-layout-5b9cbc20 wp-block-columns-is-layout-flex">
<div class="wp-block-column is-layout-flow wp-block-column-is-layout-flow">
<div class="wp-block-group is-layout-flow wp-block-group-is-layout-flow" style="border-top-color:var(--wp--preset--color--accent-6);border-top-width:1px;padding-top:var(--wp--preset--spacing--30);padding-bottom:var(--wp--preset--spacing--30)">
<h3 class="wp-block-heading">¿Cuándo saldrá a la venta El libro de las historias?</h3>



<p class="wp-block-paragraph">Esta exquisita recopilación muestra un conjunto diverso de fotografías que captan la esencia de distintas épocas y culturas, reflejando los estilos y perspectivas únicos de cada artista.</p>
</div>
</div>



<div class="wp-block-column is-layout-flow wp-block-column-is-layout-flow">
<div class="wp-block-group is-layout-flow wp-block-group-is-layout-flow" style="border-top-color:var(--wp--preset--color--accent-6);border-top-width:1px;padding-top:var(--wp--preset--spacing--30);padding-bottom:var(--wp--preset--spacing--30)">
<h3 class="wp-block-heading">¿Hay ejemplares firmados disponibles?</h3>



<p class="wp-block-paragraph">Esta exquisita recopilación muestra un conjunto diverso de fotografías que captan la esencia de distintas épocas y culturas, reflejando los estilos y perspectivas únicos de cada artista.</p>
</div>
</div>
</div>
</div>
</div>

<p>Sobre el evento Celebrado durante un fin de semana, el evento se estructura en torno a una serie de exposiciones, talleres y mesas redondas. Las exposiciones muestran una cuidada selección de fotografías que narran historias apasionantes de diversos rincones del planeta, cada imagen está acompañada de narraciones detalladas que proporcionan un contexto y una visión [&hellip;]</p>
